0?
1528
-321213 (base 4) to base 15
-115c
Convert 12331 (base 4) to base 14.
23b
Convert -391 (base 15) to base 4.
-30223
Convert 11863 (base 14) to base 16.
a73f
-195 (base 16) to base 5
-3110
-1079 (base 10) to base 6
-4555
Convert -9230 (base 10) to base 11.
-6a31
Convert -10301 (base 4) to base 3.
-102022
Convert 363 (base 15) to base 10.
768
-651 (base 12) to base 15
-41a
Convert 411 (base 7) to base 10.
204
Convert 25c (base 14) to base 5.
3344
Convert 19433 (base 11) to base 12.
13858
-12b60 (base 13) to base 11
-24240
21c (base 13) to base 9
443
246 (base 15) to base 9
633
Convert 105264 (base 8) to base 13.
13215
What is 73 (base 11) in base 15?
55
Convert -1337 (base 13) to base 12.
-1712
7dc6 (base 14) to base 5
1200210
130421 (base 5) to base 14
1c11
What is -5706 (base 15) in base 13?
-8529
Convert -152034 (base 6) to base 13.
-6907
-288 (base 13) to base 15
-200
Convert -2542 (base 15) to base 3.
-101212222
-255452 (base 6) to base 2
-101101011111000
What is -5b4 (base 12) in base 10?
-856
What is -745 (base 12) in base 9?
-1408
What is -12221101 (base 4) in base 2?
-110101001010001
-cb6 (base 16) to base 4
-302312
Convert -1c2 (base 14) to base 6.
-1410
1103141 (base 5) to base 3
222022001
8a (base 16) to base 10
138
Convert 1bd (base 14) to base 6.
1403
What is -122110122 (base 3) in base 13?
-5a47
132012 (base 5) to base 8
12211
1001111 (base 4) to base 9
5655
-1000200021 (base 3) to base 5
-1121201
Convert -45306 (base 7) to base 3.
-120201220
Convert 6211 (base 8) to base 13.
15cb
What is 105a0 (base 11) in base 13?
6cb3
What is -2768 (base 12) in base 3?
-20020022
Convert 20b (base 13) to base 11.
298
Convert -120025 (base 8) to base 2.
-1010000000010101
What is -1458 (base 14) in base 8?
-7026
-20022201 (base 3) to base 11
-3510
Convert 79c (base 13) to base 15.
5c7
What is -12033 (base 7) in base 4?
-300213
What is -134 (base 8) in base 11?
-84
10342 (base 5) to base 16
2d2
Convert -1800 (base 11) to base 4.
-203323
What is 7874 (base 9) in base 8?
13272
-397 (base 16) to base 13
-559
What is -2ee (base 15) in base 3?
-220222
-259 (base 11) to base 16
-132
-1000001000 (base 2) to base 14
-292
Convert 10110010010101 (base 2) to base 10.
11413
110000110 (base 2) to base 6
1450
What is 7721 (base 11) in base 10?
10187
What is -54626 (base 7) in base 9?
-20702
Convert -113030 (base 6) to base 14.
-3798
333 (base 9) to base 14
157
-302 (base 12) to base 10
-434
-4220133 (base 5) to base 2
-10001000110011011
735 (base 12) to base 13
629
What is 12504 (base 8) in base 9?
7418
What is 10893 (base 12) in base 15?
67b9
-ac (base 13) to base 8
-216
2265 (base 13) to base 16
12cf
Convert 86920 (base 10) to base 6.
1510224
Convert 2157 (base 8) to base 14.
5b1
3533 (base 7) to base 9
1702
1010020 (base 3) to base 9
1106
5983 (base 11) to base 5
222320
Convert 142 (base 10) to base 6.
354
What is 10005 (base 7) in base 6?
15050
11111 (base 10) to base 4
2231213
8a7 (base 11) to base 13
656
Convert -3222 (base 11) to base 2.
-1000010100011
What is 546 (base 9) in base 10?
447
What is 13160 (base 7) in base 15?
109b
785b (base 14) to base 15
62a7
Convert -32144 (base 5) to base 9.
-2875
Convert -3147 (base 12) to base 13.
-25b1
Convert 1110111100 (base 2) to base 15.
43b
What is 2121220 (base 3) in base 14?
9aa
What is -12010012 (base 3) in base 12?
-21ab
What is 404411 (base 5) in base 16?
3332
Convert -430 (base 11) to base 3.
-201011
-39 (base 15) to base 13
-42
-ee4 (base 15) to base 3
-11121121
-22430 (base 5) to base 8
-3117
b (base 13) to base 10
11
-881 (base 12) to base 14
-653
Convert 522 (base 8) to base 12.
242
2bb (base 16) to base 9
856
7133 (base 8) to base 15
1150
1665 (base 9) to base 7
3500
What is 23456 (base 7) in base 3?
22022202
What is 2235 (base 9) in base 14?
860
Convert 13700 (base 10) to base 3.
200210102
Convert 863 (base 14) to base 12.
b5b
Convert -4404 (base 6) to base 4.
-33310
-50767 (base 9) to base 15
-9d8d
Convert 6555 (base 7) to base 4.
210213
Convert -1229 (base 14) to base 2.
-110001100101
What is -2415 (base 8) in base 2?
-10100001101
Convert -21212 (base 3) to base 6.
-552
1352 (base 12) to base 15
9d2
What is 94a (base 15) in base 12?
1267
21947 (base 12) to base 10
44551
-169c (base 15) to base 2
-1001100001000
16a (base 15) to base 7
643
Convert -13033 (base 6) to base 2.
-11110101101
Convert 587 (base 10) to base 15.
292
Convert 100010000000 (base 2) to base 16.
880
What is 110001111111 (base 2) in base 14?
1247
Convert 4331 (base 11) to base 6.
42253
Convert -54 (base 15) to base 6.
-211
What is -110001111 (base 2) in base 15?
-1b9
What is -58c8 (base 14) in base 12?
-8b48
What is 1822 (base 14) in base 5?
114332
What is 2534 (base 14) in base 5?
202024
Convert -544152 (base 6) to base 15.
-d4eb
What is -15731 (base 8) in base 9?
-10701
What is 2976 (base 12) in base 7?
20055
16518 (base 10) to base 12
9686
What is -146 (base 15) in base 7?
-564
Convert -302504 (base 6) to base 4.
-11312020
-4204 (base 12) to base 4
-1300210
Convert 9d52 (base 14) to base 6.
330244
Convert -a995 (base 15) to base 11.
-24a90
What is -1010011011011 (base 2) in base 12?
-310b
122021121 (base 3) to base 4
3010312
-18a3 (base 12) to base 10
-3003
What is 577 (base 10) in base 13?
355
323 (base 10) to base 13
1bb
What is -15a (base 15) in base 16?
-136
155303 (base 7) to base 10
30677
Convert 132402 (base 6) to base 15.
3962
What is 16616 (base 11) in base 6?
300110
Convert 3b45 (base 14) to base 5.
313244
What is 21131 (base 4) in base 6?
2445
-11994 (base 11) to base 7
-101020
Convert -4ba (base 13) to base 4.
-30331
Convert -10101101101 (base 2) to base 12.
-979
Convert 21320221 (base 4) to base 11.
28469
What is a79 (base 14) in base 13?
c30
969 (base 10) to base 14
4d3
Convert 3111022 (base 5) to base 6.
1031002
67203 (base 8) to base 14
a44b
-309 (base 13) to base 8
-1004
Convert 634 (base 9) to base 16.
205
-3122201 (base 4) to base 3
-201011222
862a (base 12) to base 2
11100110000010
What is 233 (base 5) in base 6?
152
What is -33213 (base 4) in base 2?
-1111100111
Convert -1200112 (base 4) to base 10.
-6166
What is 395 (base 14) in base 15?
32e
Convert 1000001100 (base 2) to base 5.
4044
Convert 1002122112 (base 3) to base 13.
9ab8
-14db (base 16) to base 7
-21365
What is -1605 (base 9) in base 15?
-565
What is 301433 (base 6) in base 11?
168a4
Convert -11201210 (base 3) to base 14.
-1386
What is 307d (base 14) in base 8?
20227
What is -110342 (base 5) in base 6?
-25451
What is -1101101001 (base 2) in base 11?
-724
864 (base 9) to base 3
222011
Convert -2ec (base 15) to base 7.
-1650
1150 (base 9) to base 7
2331
What is -121 (base 16) in base 13?
-193
What is -39595 (base 11) in base 2?
-1101110100100011
Convert -201311 (base 6) to base 14.
-5b07
120201002 (base 3) to base 4
2302322
-34723 (base 8) to base 6
-152311
-517 (base 14) to base 3
-1101002
Convert 10426 (base 11) to base 5.
441103
Convert -13313020 (base 4) to base 14.
-ba40
What is 1314054 (base 6) in base 5?
4302203
-10230033 (base 4) to base 10
-19215
Convert 512b (base 12) to base 16.
2273
Convert -ebd (base 15) to base 7.
-12463
1210020 (base 3) to base 5
20202
Convert 23310 (base 8) to base 12.
58b4
16463 (base 8) to base 2
1110100110011
What is -e3d (base 15) in base 11?
-2457
Convert 1265 (base 8) to base 15.
313
Convert -1503 (base 16) to base 11.
-4050
What is -541 (base 9) in base 2?
-110111010
Convert -167 (base 9) to base 13.
-ac
Convert -23023232 (base 4) to base 3.
-2022211112
Convert -16a5 (base 12) to base 15.
-c12
What is -3642 (base 10) in base 11?
-2811
Convert -9725 (base 12) to base 10.
-16589
979d (base 15) to base 13
117c1
What is -43211 (base 7) in base 11?
-8083
Convert -1045a (base 15) to base 13.
-1a650
Convert -6688 (base 9) to base 10.
-4940
Convert -1698 (base 14) to base 4.
-333112
7633 (base 9) to base 16
15f3
Convert -3022 (base 15) to base 7.
-41420
-11010110101 (base 2) to base 3
-2100121
What is 230002 (base 4) in base 7?
11134
Convert b6b (base 12) to base 10.
1667
1646 (base 10) to base 9
2228
What is 62dc (base 15) in base 12?
10123
Convert 14054 (base 8) to base 13.
2a80
What is 1121 (base 7) in base 4?
12113
What is 5466 (base 8) in base 10?
2870
What is -b2c (base 14) in base 10?
-2196
-527 (base 8